{"id":15415,"date":"2026-01-06T11:59:54","date_gmt":"2026-01-06T10:59:54","guid":{"rendered":"https:\/\/www.kirche-itzehoe.de\/isg\/?page_id=15415"},"modified":"2026-01-06T11:59:54","modified_gmt":"2026-01-06T10:59:54","slug":"chessus-der-pizzagottesdienst","status":"publish","type":"page","link":"https:\/\/www.kirche-itzehoe.de\/isg\/chessus-der-pizzagottesdienst\/","title":{"rendered":"Chessus &#8211; Der Pizzagottesdienst"},"content":{"rendered":"<div class=\"wp-block-image\">\n<figure class=\"aligncenter size-large is-resized\"><a href=\"https:\/\/www.kirche-itzehoe.de\/isg\/wp-content\/uploads\/2026\/01\/1.png\"><img loading=\"lazy\" decoding=\"async\" width=\"819\" height=\"1024\" src=\"https:\/\/www.kirche-itzehoe.de\/isg\/wp-content\/uploads\/2026\/01\/1-819x1024.png\" alt=\"\" class=\"wp-image-15416\" style=\"width:401px;height:auto\" srcset=\"https:\/\/www.kirche-itzehoe.de\/isg\/wp-content\/uploads\/2026\/01\/1-819x1024.png 819w, https:\/\/www.kirche-itzehoe.de\/isg\/wp-content\/uploads\/2026\/01\/1-240x300.png 240w, https:\/\/www.kirche-itzehoe.de\/isg\/wp-content\/uploads\/2026\/01\/1-768x960.png 768w, https:\/\/www.kirche-itzehoe.de\/isg\/wp-content\/uploads\/2026\/01\/1.png 1080w\" sizes=\"auto, (max-width: 819px) 100vw, 819px\" \/><\/a><\/figure>\n<\/div>\n\n\n<p><strong>Chessus<\/strong> ist ein Gottesdienst f\u00fcr Jugendliche, bei dem geistliches und leibliches Wohl zusammengeh\u00f6ren.<\/p>\n\n\n\n<p>In warmer und entspannter Atmosph\u00e4re sind alle willkommen, sich bei einem dampfenden St\u00fcck Pizza zu st\u00e4rken.<\/p>\n\n\n\n<p>Wir feiern den Gottesdienst als Tischgemeinschaft: Statt klassischer Kirchenreihen steht eine gro\u00dfe Tafel im Mittelpunkt. Beim Beten, Essen, Singen und beim H\u00f6ren auf Gottes Wort wollen wir Kraft f\u00fcr die kommende Woche sammeln.<\/p>\n\n\n\n<p>Wer Freude am Pizzabacken hat oder Lust, in entspannter Atmosph\u00e4re Musik zu machen, ist herzlich eingeladen, Teil des Chessus-Teams zu werden.<\/p>\n\n\n\n<p>Gott n\u00e4her kommen, Gemeinschaft leben und gute Gaben genie\u00dfen \u2013 sei dabei!<\/p>\n\n\n\n<p><strong>Termine 2026 <\/strong><\/p>\n\n\n\n<p><strong>18. Januar<\/strong><\/p>\n\n\n\n<p><strong>15.Februar<\/strong><\/p>\n\n\n\n<p><strong>15.M\u00e4rz<\/strong><\/p>\n\n\n\n<p><strong>19.April<\/strong><\/p>\n\n\n\n<p><strong>17.Mai<\/strong><\/p>\n\n\n\n<p><strong>21.Juni<\/strong><strong><\/strong><\/p>\n\n\n\n<p><em>Sommerpaus<\/em>e<\/p>\n\n\n\n<p><strong>20.September<\/strong><\/p>\n\n\n\n<p><strong>18.Oktober<\/strong><\/p>\n\n\n\n<p><strong>22.November<\/strong><\/p>\n\n\n\n<p><em>Winterpause<\/em><\/p>\n\n\n\n<p><\/p>\n","protected":false},"excerpt":{"rendered":"<p>Chessus ist ein Gottesdienst f\u00fcr Jugendliche, bei dem geistliches und leibliches Wohl zusammengeh\u00f6ren. In warmer und entspannter Atmosph\u00e4re sind alle willkommen, sich bei einem dampfenden St\u00fcck Pizza zu st\u00e4rken. Wir feiern den Gottesdienst als Tischgemeinschaft: Statt klassischer Kirchenreihen steht eine gro\u00dfe Tafel im Mittelpunkt. Beim Beten, Essen, Singen und beim H\u00f6ren auf Gottes Wort wollen [&hellip;]<\/p>\n","protected":false},"author":26,"featured_media":0,"parent":0,"menu_order":0,"comment_status":"closed","ping_status":"closed","template":"","meta":{"_acf_changed":false,"footnotes":""},"class_list":["post-15415","page","type-page","status-publish","hentry"],"acf":[],"_links":{"self":[{"href":"https:\/\/www.kirche-itzehoe.de\/isg\/wp-json\/wp\/v2\/pages\/15415","targetHints":{"allow":["GET"]}}],"collection":[{"href":"https:\/\/www.kirche-itzehoe.de\/isg\/wp-json\/wp\/v2\/pages"}],"about":[{"href":"https:\/\/www.kirche-itzehoe.de\/isg\/wp-json\/wp\/v2\/types\/page"}],"author":[{"embeddable":true,"href":"https:\/\/www.kirche-itzehoe.de\/isg\/wp-json\/wp\/v2\/users\/26"}],"replies":[{"embeddable":true,"href":"https:\/\/www.kirche-itzehoe.de\/isg\/wp-json\/wp\/v2\/comments?post=15415"}],"version-history":[{"count":1,"href":"https:\/\/www.kirche-itzehoe.de\/isg\/wp-json\/wp\/v2\/pages\/15415\/revisions"}],"predecessor-version":[{"id":15418,"href":"https:\/\/www.kirche-itzehoe.de\/isg\/wp-json\/wp\/v2\/pages\/15415\/revisions\/15418"}],"wp:attachment":[{"href":"https:\/\/www.kirche-itzehoe.de\/isg\/wp-json\/wp\/v2\/media?parent=15415"}],"curies":[{"name":"wp","href":"https:\/\/api.w.org\/{rel}","templated":true}]}}