{"id":4,"date":"2011-12-31T12:36:01","date_gmt":"2011-12-31T11:36:01","guid":{"rendered":"http:\/\/www.kirche-itzehoe.de\/isg\/?page_id=4"},"modified":"2025-02-28T20:12:19","modified_gmt":"2025-02-28T19:12:19","slug":"kirchen","status":"publish","type":"page","link":"https:\/\/www.kirche-itzehoe.de\/isg\/kirchen\/","title":{"rendered":"Kirchen"},"content":{"rendered":"<p>Die Ev.-Luth. Innenstadtgemeinde geh\u00f6rt zu den neun Kirchengemeinden der Region Itzehoe.<br \/>\nDie Innenstadtgemeinde selbst umfasst zwei Kirchen: Die Hauptkirche St. Laurentii (1000 Sitzpl\u00e4tze) und die St. Ansgar-Kirche (150 Sitzpl\u00e4tze). Dar\u00fcber hinaus wird die barocke St. J\u00fcrgen Kapelle f\u00fcr Amtshandlungen genutzt.<\/p>\n<p>Lesen Sie hier mehr zu den einzelnen Kirchen:<\/p>\n<p><a href=\"http:\/\/www.kirche-itzehoe.de\/isg\/kirchen\/st-laurentii\/\">St. Laurentii<\/a><\/p>\n<p><a href=\"http:\/\/kirche-itzehoe.de\/isg\/kirchen\/st-ansgar\/\">St. Ansgar<\/a><\/p>\n<p><a href=\"http:\/\/kirche-itzehoe.de\/isg\/kirchen\/st-juergen\/\">St. J\u00fcrgen<\/a><\/p>\n","protected":false},"excerpt":{"rendered":"<p>Die Ev.-Luth. Innenstadtgemeinde geh\u00f6rt zu den neun Kirchengemeinden der Region Itzehoe. Die Innenstadtgemeinde selbst umfasst zwei Kirchen: Die Hauptkirche St. Laurentii (1000 Sitzpl\u00e4tze) und die St. Ansgar-Kirche (150 Sitzpl\u00e4tze). Dar\u00fcber hinaus wird die barocke St. J\u00fcrgen Kapelle f\u00fcr Amtshandlungen genutzt. Lesen Sie hier mehr zu den einzelnen Kirchen: St. Laurentii St. Ansgar St. J\u00fcrgen<\/p>\n","protected":false},"author":2,"featured_media":0,"parent":0,"menu_order":1,"comment_status":"closed","ping_status":"closed","template":"","meta":{"_acf_changed":false,"footnotes":""},"class_list":["post-4","page","type-page","status-publish","hentry"],"acf":[],"_links":{"self":[{"href":"https:\/\/www.kirche-itzehoe.de\/isg\/wp-json\/wp\/v2\/pages\/4","targetHints":{"allow":["GET"]}}],"collection":[{"href":"https:\/\/www.kirche-itzehoe.de\/isg\/wp-json\/wp\/v2\/pages"}],"about":[{"href":"https:\/\/www.kirche-itzehoe.de\/isg\/wp-json\/wp\/v2\/types\/page"}],"author":[{"embeddable":true,"href":"https:\/\/www.kirche-itzehoe.de\/isg\/wp-json\/wp\/v2\/users\/2"}],"replies":[{"embeddable":true,"href":"https:\/\/www.kirche-itzehoe.de\/isg\/wp-json\/wp\/v2\/comments?post=4"}],"version-history":[{"count":17,"href":"https:\/\/www.kirche-itzehoe.de\/isg\/wp-json\/wp\/v2\/pages\/4\/revisions"}],"predecessor-version":[{"id":14626,"href":"https:\/\/www.kirche-itzehoe.de\/isg\/wp-json\/wp\/v2\/pages\/4\/revisions\/14626"}],"wp:attachment":[{"href":"https:\/\/www.kirche-itzehoe.de\/isg\/wp-json\/wp\/v2\/media?parent=4"}],"curies":[{"name":"wp","href":"https:\/\/api.w.org\/{rel}","templated":true}]}}